{"id":101,"date":"2025-07-22T16:28:44","date_gmt":"2025-07-22T16:28:44","guid":{"rendered":"https:\/\/bicaki77.pt\/?page_id=101"},"modified":"2025-07-22T17:47:42","modified_gmt":"2025-07-22T17:47:42","slug":"sobre-nos","status":"publish","type":"page","link":"https:\/\/bicaki77.pt\/?page_id=101","title":{"rendered":"Sobre N\u00f3s"},"content":{"rendered":"\n<p><\/p>\n\n\n\n<div class=\"wp-block-cover alignwide\"><img loading=\"lazy\" decoding=\"async\" width=\"735\" height=\"413\" class=\"wp-block-cover__image-background wp-image-133\" alt=\"\" src=\"https:\/\/bicaki77.pt\/wp-content\/uploads\/2025\/07\/Quer-se-destacar-no-mercado-de-trabalho_-Curso-de-lideranca-pode-ajudar.jpg\" data-object-fit=\"cover\" srcset=\"https:\/\/bicaki77.pt\/wp-content\/uploads\/2025\/07\/Quer-se-destacar-no-mercado-de-trabalho_-Curso-de-lideranca-pode-ajudar.jpg 735w, https:\/\/bicaki77.pt\/wp-content\/uploads\/2025\/07\/Quer-se-destacar-no-mercado-de-trabalho_-Curso-de-lideranca-pode-ajudar-300x169.jpg 300w\" sizes=\"auto, (max-width: 735px) 100vw, 735px\" \/><span aria-hidden=\"true\" class=\"wp-block-cover__background has-background-dim\"><\/span><div class=\"wp-block-cover__inner-container is-layout-flow wp-block-cover-is-layout-flow\">\n<blockquote class=\"wp-block-quote is-layout-flow wp-block-quote-is-layout-flow\">\n<h2 class=\"wp-block-heading\"><strong>Somos Especializados na Comercializa\u00e7\u00e3o de Ingredientes e Produtos T\u00e9cnicos de Alta Qualidade Para a Ind\u00fastria Alimentar.<\/strong><\/h2>\n\n\n\n<p>Oferecemos solu\u00e7\u00f5es inovadoras e eficazes que respondem \u00e0s exig\u00eancias do setor, com destaque para Fermento Seco Instant\u00e2neo, Sal, A\u00e7\u00facar, Manteigas, Margarinas, \u00d3leos, Desmoldantes, Amido de Milho entre outros produtos especializados.<\/p>\n\n\n\n<p><strong>Trabalhamos com marcas de refer\u00eancia e garantimos um servi\u00e7o fi\u00e1vel, personalizado e focado nas necessidades dos nossos clientes profissionais.<\/strong><\/p>\n\n\n\n<p>A nossa miss\u00e3o \u00e9 ser um parceiro de confian\u00e7a para empresas que procuram excel\u00eancia, consist\u00eancia e efici\u00eancia nos seus processos de produ\u00e7\u00e3o. Com conhecimento t\u00e9cnico e acompanhamento dedicado, ajudamos a potenciar a qualidade dos seus produtos finais.<\/p>\n<\/blockquote>\n<\/div><\/div>\n","protected":false},"excerpt":{"rendered":"","protected":false},"author":2,"featured_media":0,"parent":0,"menu_order":0,"comment_status":"closed","ping_status":"closed","template":"","meta":{"_kadence_starter_templates_imported_post":false,"footnotes":""},"class_list":["post-101","page","type-page","status-publish","hentry"],"_links":{"self":[{"href":"https:\/\/bicaki77.pt\/index.php?rest_route=\/wp\/v2\/pages\/101","targetHints":{"allow":["GET"]}}],"collection":[{"href":"https:\/\/bicaki77.pt\/index.php?rest_route=\/wp\/v2\/pages"}],"about":[{"href":"https:\/\/bicaki77.pt\/index.php?rest_route=\/wp\/v2\/types\/page"}],"author":[{"embeddable":true,"href":"https:\/\/bicaki77.pt\/index.php?rest_route=\/wp\/v2\/users\/2"}],"replies":[{"embeddable":true,"href":"https:\/\/bicaki77.pt\/index.php?rest_route=%2Fwp%2Fv2%2Fcomments&post=101"}],"version-history":[{"count":4,"href":"https:\/\/bicaki77.pt\/index.php?rest_route=\/wp\/v2\/pages\/101\/revisions"}],"predecessor-version":[{"id":135,"href":"https:\/\/bicaki77.pt\/index.php?rest_route=\/wp\/v2\/pages\/101\/revisions\/135"}],"wp:attachment":[{"href":"https:\/\/bicaki77.pt\/index.php?rest_route=%2Fwp%2Fv2%2Fmedia&parent=101"}],"curies":[{"name":"wp","href":"https:\/\/api.w.org\/{rel}","templated":true}]}}